, -3*i = -2*l - 16058. What is the thousands digit of i?
5
Let k(g) = -22*g + 2*g - 83 - g. What is the units digit of k(-6)?
3
Let i = -1 + 11. Suppose 103800 = -1044*u + 1094*u. Suppose 254 = i*f - u. What is the hundreds digit of f?
2
Let d(p) = -30*p. Let v be d(-2). Suppose v = -7*c + 13*c. Suppose 0 = 14*z - c*z - 408. What is the units digit of z?
2
Let z be (1 - -3)*87/116. Suppose 0 = -z*n + 672 + 798. What is the hundreds digit of n?
4
Suppose 4*q = 6*q - 5*x - 23, x = -2*q + 5. Suppose q*w = 529 - 81. Suppose 3*p + g - w = 0, 2*g - 8 = -p + 21. What is the units digit of p?
9
Let x(b) = b**3 - 6*b**2 + 2*b - 4. Let n be x(4). Let h(s) = -2*s**2 + 12*s + 5. Let o be h(7). Let g = o - n. What is the units digit of g?
9
Suppose -7840 = -2*t - 8*t. Let q = t - 461. What is the units digit of q?
3
Let r(f) = -32*f**3 - f**2 - 2*f + 2. Suppose 2*w + 1 - 3 = 0. Let h be r(w). What is the tens digit of (h/(-12))/(3/96)?
8
Let v(y) = -9 + y**3 - 4*y - 6*y**2 + 2*y**2 + 7 - 9. Let r be v(5). What is the tens digit of 672/20 - r/15?
3
Let d = 19276 - 11742. What is the thousands digit of d?
7
Suppose 0 = 6*m + 5918 - 17462. Suppose m = 2*y + 120. What is the hundreds digit of y?
9
What is the units digit of 1987545/175 + (-2 - (-8)/5)?
7
What is the hundreds digit of (-76)/570 + (-50558)/(-15)*4?
4
What is the ten thousands digit of 23347 + (-44)/(76/19)?
2
What is the hundreds digit of (-647001)/(-10) + (-248)/2480?
7
Suppose 2550521 = 148*i - 4228424 - 2141015. What is the units digit of i?
0
Suppose 2*y = -4*i + 22, -1 = 5*y - 3*i - 4. Suppose y*j - 18 + 0 = 0. Suppose 4*o = j + 70. What is the units digit of o?
9
What is the hundreds digit of -17 + -7 + 6 + 16597?
5
Let g(j) = 4*j**2 + 37*j - 115. Let i be g(-12). Let f = -275 + 565. Suppose -i*p + 22*p = f. What is the tens digit of p?
5
Suppose 9*t = 1249 + 5240. Let j = t + -313. What is the tens digit of j?
0
Let a be 3590/((-4)/(-2)) + 5. Let t = -1179 + a. What is the tens digit of t?
2
Suppose -4*q - 14652 = -2*r, r + 3*q - 7310 = q. What is the tens digit of r?
1
Let g(j) = -10*j**3 + 221*j**2 - 39*j - 38. What is the units digit of g(19)?
2
Suppose k = -4*a + 54252, -13545 = -a + 269*k - 267*k. What is the thousands digit of a?
3
Suppose 42*k - 39*k = 12. Suppose -40*w + k = -39*w. Suppose -y + w*x - 471 = -4*y, -4*x + 157 = y. What is the units digit of y?
7
Let a = 1549 + -383. Suppose a = 4*b + 5*f, -5*b + 9*f = 13*f - 1462. What is the tens digit of b?
9
Let f(y) = 90*y + 116. Let z be f(-21). What is the units digit of (-5)/4*(-8)/(-20)*z?
7
Suppose -48*n + 46*n - 2*o + 33278 = 0, o - 49931 = -3*n. What is the units digit of n?
6
Let a = -99 + 101. Suppose -c + 2*c + 2235 = 5*x, 912 = a*x - 4*c. What is the tens digit of x?
4
Suppose 3*p - 2*n = 97, -p = 4*n - 9 - 0. Suppose -4*g = -l - l - 24, -5*l + 5*g = 85. Let u = l + p. What is the units digit of u?
7
Suppose -124*v + 612360 = -40*v. What is the units digit of v?
0
Suppose 5*c - 154552 = -4*v, 3*c + 29004 = -2*v + 121738. What is the units digit of c?
6
Let p be 98/(-7)*(-6)/(-7). Let i(u) = -u**2 - 11*u + 13. Let d be i(p). Suppose -4*s + 121 = d. What is the units digit of s?
0
Let i(u) = -u**3 + u**2 + 20*u + 3. Let h be i(5). Suppose 0 = -l + 5*l + h*v - 3673, -1820 = -2*l + 4*v. What is the hundreds digit of l?
9
Let o(x) = -x + 31. Let s be o(14). Suppose 5*y = -p + 10, -3 = -2*p - 2*y + s. Suppose p*q + 53 = 1153. What is the hundreds digit of q?
1
Let q(o) = -165*o - 3964. What is the units digit of q(-79)?
1
Suppose -3*g - 3*g + 48 = 0. Suppose 0 = n + g - 110. What is the hundreds digit of n?
1
Let t be (15/20)/(-2*5/(-80)). Suppose 0 = v - 5, a - t*a - 3*v = -345. What is the tens digit of a?
6
Let o = 28 - 26. Suppose 104 = o*n - 122. Suppose -n = 22*v - 23*v. What is the units digit of v?
3
Let q = -248 + 511. Suppose q = 2*p - o, p + 2*o - 45 = 89. Suppose p = 2*a - 174. What is the units digit of a?
3
Let v = -5825 - -43576. What is the tens digit of v?
5
Let m(v) = v - 3. Suppose 17 - 73 = -8*j. Let h be m(j). Suppose h = -5*k - 3*n + 312, -2*n - 59 = -k. What is the tens digit of k?
6
Let d(i) be the second derivative of i**5/20 - 59*i**4/12 + 20*i**3 - 11*i**2/2 + 2*i + 228. What is the tens digit of d(57)?
3
Suppose 6 = -t - 2*k, -2*t - 10 = -k - 23. Suppose -t*n - 6*z + 2*z = -144, -4*n + 134 = -z. What is the units digit of n?
4
Let j = -31943 + 35451. What is the tens digit of j?
0
Let o(g) = g**2 + 18*g + 79. Let t be o(-12). Suppose -7480 = -t*d - 4*d. What is the hundreds digit of d?
6
Suppose -38 = -16*n + 10. Suppose 4*x - 4*q - 3536 = -1084, -5*q = -n*x + 1845. What is the hundreds digit of x?
6
What is the tens digit of 2352/(-36)*27/(-6)?
9
Let h = 34820 + -18333. What is the ten thousands digit of h?
1
Suppose 0 = -y - 0*y - 5. What is the tens digit of (-58)/(-4)*(y + 13)?
1
Suppose 4*o - 3*o + 4*b = 14980, 0 = -o - 2*b + 14980. What is the ten thousands digit of o?
1
What is the hundreds digit of (12/(-24))/(4/(-17992))?
2
Let u = 1973 - -1563. What is the tens digit of u?
3
Suppose 0 = 3*n + n. Suppose 3*j + 45 - 69 = n. What is the units digit of 2/(j/310)*(-12)/(-10)?
3
Let f = -1113 - -413. Let m(d) = 18*d**3 - 25*d**2 - 67*d + 17. Let t be m(-3). Let r = t - f. What is the hundreds digit of r?
2
Suppose 182*c - 183*c = 4*r - 52044, -3*c - 5*r + 156083 = 0. What is the tens digit of c?
1
What is the tens digit of (-5440)/(-48)*(-6)/(-4) + 8?
7
Let r = -675 - -1045. What is the units digit of r?
0
Let u be -4 + (-4)/(-4) + 84. Let p = u - -55. Let n = p + -79. What is the tens digit of n?
5
Let z(g) be the third derivative of -g**5/30 - 3*g**4/8 + 59*g**3/3 - 44*g**2. What is the tens digit of z(0)?
1
What is the units digit of 3322 - (-1 + -4)*(-24)/15?
4
Suppose -249*b = 4*x - 250*b - 10438, -b - 2 = 0. What is the hundreds digit of x?
6
Suppose -5*p + 2*l + 60 = -p, -4*p = -5*l - 66. What is the hundreds digit of (623/p)/((-4)/(-48))?
5
What is the thousands digit of ((-4)/(4/(-141)))/((-1095)/(-315725))?
0
Let m = 34 + -30. Suppose m*o + 4*l + 213 = 5*o, l + 837 = 4*o. Suppose -b + 6*b - 2*i = 550, -3*i = -2*b + o. What is the units digit of b?
2
Let i = 23170 + -19410. What is the units digit of i?
0
Suppose -5*n - 14*y - 29 = -13*y, 5*n - 4*y + 34 = 0. Let i(d) = -3*d**3 - 5*d**2 + 6*d + 17. What is the tens digit of i(n)?
4
Suppose -b = 4*v - 10, 3*v - 16 = -4*b - b. Let l be 4 + b + -6 - -2. Suppose -141 = l*h - 5*h. What is the units digit of h?
7
Let c(r) = 68*r**2 - 71*r - 952. What is the thousands digit of c(-15)?
5
What is the ten thousands digit of -3*150244/(-6) + -736 + 727?
7
Let t(n) = -n - 13. Let h be t(11). Let s be 8/h*(221 - 2). Let z = s - -81. What is the units digit of z?
8
Let p(h) = -2*h**3 - h**2 + 6. Let j = -15 - -19. Suppose 24 = -j*c + 4. What is the tens digit of p(c)?
3
Suppose -1214230 = -132*x + 26*x. What is the thousands digit of x?
1
Suppose 17*r - 71*r = 7*r - 175680. What is the tens digit of r?
8
Let n(w) = -7*w - 7. Let k(a) = -a**2 - 11*a - 20. Let y be k(-9). Let j be n(y). Suppose j*l - 645 = -113. What is the units digit of l?
6
Suppose -8 = 2*n - m + 17, -2*n - 45 = -5*m. What is the hundreds digit of n/(-45) + (-43890)/(-54)?
8
Let i(b) = 4*b**2 + 41*b + 208. Let f be i(-6). Suppose -f*p = -118*p + 3672. What is the hundreds digit of p?
3
Suppose -32 + 36 = -4*k. What is the tens digit of (-109)/k + 90/(-15)?
0
Suppose -123 + 683 = -7*d. Let p = d - -80. Suppose 4*o + 67 - 463 = p. What is the units digit of o?
9
Suppose 1614224 = -144*b - 36*b + 4132424. What is the ten thousands digit of b?
1
Let x(y) = 29*y**2 + 19*y + 1244. What is the hundreds digit of x(-35)?
1
Let q = -557 + 557. Suppose q*i = 27*i - 7884. What is the hundreds digit of i?
2
Suppose 0 = 6*l + 4*l - 149712 + 5752. What is the tens digit of l?
9
Let i(l) = -l**3 + 11*l**2 - 8*l + 12. Let f(c) = -c**3 - 7*c**2 - 15. Let p be f(-8). Let x = p - 39. What is the tens digit of i(x)?
3
Suppose -12*g - 36 = 0, 5*g + 20673 = 3*d - 48516. What is the hundreds digit of d?
0
Suppose 5*b - 9 = 2*b. Suppose -b*o = -o. Suppose -8*y + 3*y + 15 = o. What is the units digit of y?
3
Let c = -85 + 91. What is the tens digit of (-39)/117 + 1646/c?
7
Let u = 1777 - 893. Suppose -